culate the highest common divisor of 3794 and 14.
14
What is the greatest common divisor of 204 and 7548?
204
Calculate the highest common divisor of 4796 and 132.
44
Calculate the greatest common divisor of 12 and 930.
6
Calculate the highest common divisor of 12936 and 120.
24
What is the highest common factor of 11292 and 60?
12
Calculate the greatest common divisor of 52600 and 100.
100
What is the highest common divisor of 12 and 7284?
12
What is the highest common divisor of 134 and 2881?
67
What is the greatest common divisor of 64 and 672?
32
What is the greatest common factor of 110970 and 45?
45
What is the highest common divisor of 91 and 351?
13
Calculate the highest common divisor of 88 and 1881.
11
Calculate the highest common factor of 12 and 996.
12
Calculate the greatest common divisor of 22 and 539.
11
What is the greatest common factor of 70 and 2366?
14
Calculate the greatest common factor of 5 and 35.
5
What is the highest common divisor of 44 and 429?
11
What is the greatest common factor of 13902 and 70?
14
What is the greatest common factor of 16 and 128?
16
What is the greatest common factor of 17458 and 43?
43
Calculate the highest common divisor of 4193 and 7.
7
Calculate the highest common divisor of 415 and 166.
83
Calculate the greatest common factor of 162 and 20.
2
Calculate the greatest common divisor of 6 and 774.
6
Calculate the greatest common factor of 47243 and 238.
119
Calculate the greatest common factor of 5734 and 423.
47
What is the greatest common divisor of 57 and 19608?
57
What is the greatest common divisor of 935 and 34?
17
Calculate the greatest common divisor of 406 and 14.
14
What is the highest common divisor of 40 and 190?
10
What is the greatest common divisor of 221 and 51?
17
Calculate the highest common divisor of 11 and 319.
11
Calculate the highest common factor of 322 and 184.
46
What is the greatest common divisor of 4208 and 144?
16
What is the highest common factor of 65 and 45?
5
Calculate the greatest common divisor of 47 and 81.
1
What is the greatest common factor of 649 and 11?
11
Calculate the highest common divisor of 90 and 50.
10
Calculate the highest common divisor of 1936 and 368.
16
Calculate the greatest common divisor of 129 and 37410.
129
What is the greatest common divisor of 270 and 495?
45
What is the highest common divisor of 231 and 1001?
77
What is the greatest common factor of 319 and 87?
29
What is the highest common factor of 15995 and 35?
35
What is the greatest common factor of 1342 and 366?
122
Calculate the highest common factor of 7 and 448.
7
What is the highest common factor of 175 and 91?
7
What is the greatest common factor of 120 and 88?
8
What is the greatest common divisor of 376 and 16?
8
What is the highest common factor of 3675 and 675?
75
What is the greatest common factor of 126 and 168?
42
Calculate the greatest common factor of 832 and 1768.
104
Calculate the greatest common factor of 348 and 852.
12
What is the greatest common factor of 19 and 551?
19
Calculate the highest common divisor of 17762 and 214.
214
Calculate the highest common divisor of 44 and 517.
11
What is the highest common divisor of 1403 and 183?
61
What is the greatest common divisor of 145 and 58?
29
Calculate the greatest common divisor of 76 and 133.
19
Calculate the highest common divisor of 176 and 66.
22
Calculate the highest common divisor of 76 and 4.
4
What is the highest common divisor of 1026 and 54?
54
Calculate the highest common divisor of 248 and 93.
31
Calculate the highest common factor of 108 and 27.
27
Calculate the highest common divisor of 6 and 2868.
6
Calculate the highest common divisor of 103 and 927.
103
What is the greatest common divisor of 74 and 41218?
74
What is the highest common factor of 82 and 451?
41
What is the highest common factor of 704 and 836?
44
What is the highest common factor of 80 and 880?
80
Calculate the greatest common factor of 6943 and 131.
131
Calculate the greatest common factor of 566 and 2.
2
What is the highest common divisor of 1 and 1381?
1
Calculate the greatest common factor of 160 and 85.
5
What is the greatest common divisor of 190 and 114?
38
Calculate the highest common factor of 133 and 2527.
133
Calculate the highest common factor of 374 and 198.
22
What is the greatest common factor of 12 and 4602?
6
What is the greatest common divisor of 920 and 345?
115
Calculate the greatest common factor of 26 and 351.
13
What is the highest common divisor of 10246 and 94?
94
What is the greatest common factor of 865 and 173?
173
What is the greatest common divisor of 50 and 11425?
25
What is the highest common divisor of 1072 and 16?
16
Calculate the highest common divisor of 221 and 2509.
13
What is the greatest common factor of 2 and 64?
2
Calculate the greatest common divisor of 510 and 60.
30
What is the highest common factor of 1254 and 88?
22
What is the highest common divisor of 258 and 344?
86
Calculate the greatest common divisor of 1278 and 6532.
142
What is the greatest common factor of 551 and 38?
19
What is the greatest common divisor of 25666 and 82?
82
What is the highest common factor of 26 and 1248?
26
Calculate the highest common divisor of 147 and 63.
21
What is the greatest common factor of 10 and 43?
1
Calculate the highest common factor of 18 and 1962.
18
Calculate the highest common divisor of 24 and 648.
24
What is the greatest common factor of 350 and 21?
7
Calculate the greatest common divisor of 44 and 748.
44
Calculate the highest common divisor of 616 and 469.
7
What is the greatest common factor of 287 and 41?
41
Calculate the highest common divisor of 81 and 29781.
27
Calculate the greatest common factor of 651 and 2037.
21
What is the highest common divisor of 28 and 2562?
14
What is the highest common divisor of 63 and 1785?
21
Calculate the greatest common factor of 495 and 44.
11
Calculate the greatest common divisor of 40222 and 238.
238
What is the highest common factor of 349 and 84807?
349
Calculate the greatest common factor of 1606 and 22.
22
Calculate the greatest common divisor of 1269 and 2457.
27
Calculate the highest common factor of 97308 and 204.
204
What is the greatest common factor of 28 and 8?
4
Calculate the highest common factor of 52 and 234.
26
Calculate the greatest common divisor of 80 and 430.
10
What is the greatest common factor of 207 and 27?
9
Calculate the greatest common divisor of 13326 and 6.
6
What is the highest common divisor of 510 and 2244?
102
Calculate the greatest common divisor of 39894 and 122.
122
What is the greatest common factor of 4 and 294?
2
Calculate the greatest common factor of 16 and 26592.
16
What is the highest common factor of 654 and 7?
1
What is the highest common factor of 728 and 1512?
56
What is the highest common divisor of 88 and 275?
11
Calculate the highest common divisor of 24 and 1896.
24
What is the highest common factor of 147 and 42?
21
Calculate the greatest common divisor of 105 and 2590.
35
What is the greatest common divisor of 400 and 1928?
8
What is the greatest common factor of 612 and 17?
17
Calculate the greatest common factor of 10 and 6330.
10
What is the highest common factor of 3 and 37?
1
Calculate the highest common factor of 399 and 21.
21
Calculate the highest common divisor of 560 and 24.
8
Calculate the greatest common factor of 3057 and 3.
3
What is the greatest common factor of 1350 and 108?
54
Calculate the highest common divisor of 942 and 27946.
314
Calculate the greatest common factor of 1600 and 560.
80
What is the highest common factor of 161 and 63?
7
What is the highest common divisor of 285 and 255?
15
Calculate the greatest common factor of 2 and 113.
1
Calculate the greatest common factor of 29539 and 1084.
271
Calculate the greatest common divisor of 4316 and 156.
52
Calculate the greatest common divisor of 12873 and 21.
21
What is the highest common factor of 16 and 72?
8
Calculate the highest common divisor of 3071 and 37.
37
Calculate the highest common divisor of 51 and 17.
17
Calculate the greatest common divisor of 8 and 29940.
4
Calculate the highest common factor of 16 and 1552.
16
What is the highest common factor of 185 and 5?
5
What is the highest common factor of